?
False
Does 67 divide 20257316?
True
Does 346 divide 918497828?
True
Does 144 divide 225854640?
True
Is 10 a factor of 1005092180?
True
Does 70 divide 4133894?
False
Does 71 divide 1224169325?
False
Does 3 divide 106854001?
False
Is 22 a factor of 151349891?
False
Is 338 a factor of 91596017?
False
Is 56021421 a multiple of 174?
False
Does 9 divide 10469340?
True
Is 1509449277 a multiple of 718?
False
Does 10 divide 285937485?
False
Is 3 a factor of 1035479?
False
Does 83 divide 44092929?
False
Is 14227164 a multiple of 918?
True
Is 104 a factor of 4328168?
True
Is 753 a factor of 1556710?
False
Does 21 divide 29875798?
False
Does 873 divide 284403321?
True
Is 79 a factor of 590821226?
False
Is 16 a factor of 3043329?
False
Is 138123896 a multiple of 3?
False
Does 9 divide 268808895?
True
Is 82746674 a multiple of 3127?
True
Is 17 a factor of 3586643?
True
Is 951645051 a multiple of 1431?
True
Does 13 divide 2339077?
True
Is 34816302 a multiple of 4?
False
Is 15521280 a multiple of 988?
False
Is 677 a factor of 15793056?
True
Is 1586340246 a multiple of 314?
True
Does 30 divide 861754920?
True
Is 5113083 a multiple of 26?
False
Does 68 divide 29977232?
False
Is 1840962 a multiple of 571?
False
Is 2439 a factor of 183768894?
True
Is 138 a factor of 187923563?
False
Is 179243678 a multiple of 398?
True
Is 565 a factor of 21383640?
False
Does 213 divide 38556949?
False
Is 28008080 a multiple of 71?
True
Is 108 a factor of 210582703?
False
Does 111 divide 251261346?
False
Does 4 divide 11150301?
False
Is 13041405 a multiple of 135?
True
Is 29949476 a multiple of 563?
False
Is 491 a factor of 4110652?
True
Is 16592097 a multiple of 239?
True
Is 16 a factor of 26565038?
False
Does 63 divide 7086769?
False
Does 38 divide 1136220672?
True
Is 1659297 a multiple of 9?
False
Does 7 divide 872202259?
False
Is 26 a factor of 35479863?
False
Does 311 divide 176739434?
True
Is 3115436357 a multiple of 341?
True
Is 3 a factor of 18241392?
True
Is 877382859 a multiple of 55?
False
Is 784 a factor of 241993360?
True
Is 3465 a factor of 415529730?
True
Does 3180 divide 128837700?
True
Is 25 a factor of 2727520400?
True
Does 15 divide 199777816?
False
Does 97 divide 572161195?
False
Is 53796644 a multiple of 3160?
False
Is 74128635 a multiple of 16?
False
Is 16 a factor of 87568016?
True
Does 2656 divide 1982704690?
False
Does 13 divide 370415074?
False
Is 4478 a factor of 1226964447?
False
Does 2 divide 1897464?
True
Is 442 a factor of 295341306?
True
Is 279799260 a multiple of 12?
True
Is 44583700 a multiple of 91?
False
Is 11 a factor of 57846377?
False
Is 996 a factor of 1795511833?
False
Is 899272884 a multiple of 19?
False
Is 22 a factor of 98310498?
True
Is 506 a factor of 17194892?
True
Is 83 a factor of 47576679?
True
Is 10 a factor of 1936130?
True
Is 1221478740 a multiple of 5580?
True
Is 19 a factor of 22781104?
False
Does 1181 divide 605259588?
False
Is 33 a factor of 294893214?
True
Does 164 divide 67666123?
False
Is 49 a factor of 19781053?
False
Is 547204248 a multiple of 2349?
True
Is 412 a factor of 76967892?
False
Is 43 a factor of 172186190?
True
Is 1558100513 a multiple of 2539?
True
Does 16 divide 18061596?
False
Does 51 divide 589924854?
True
Is 91 a factor of 112872656?
False
Is 245 a factor of 115102115?
False
Is 325 a factor of 210352025?
True
Is 12 a factor of 1317724?
False
Does 130 divide 21981050?
True
Is 255515522 a multiple of 36?
False
Is 82 a factor of 9144503?
False
Does 23 divide 60673448?
True
Is 10576653 a multiple of 3?
True
Is 40 a factor of 20036320?
True
Does 392 divide 33631248?
True
Is 1867877468 a multiple of 147?
False
Does 16 divide 16616592?
True
Is 819 a factor of 521158924?
False
Does 152 divide 35147112?
True
Is 137 a factor of 7643536943?
False
Is 154 a factor of 1548871747?
False
Does 2 divide 223813973?
False
Does 365 divide 125063965?
True
Does 1085 divide 207488706?
False
Does 75 divide 219257850?
True
Is 136895220 a multiple of 735?
True
Is 131883769 a multiple of 8?
False
Is 156742040 a multiple of 280?
True
Is 122922375 a multiple of 163?
True
Is 83 a factor of 101550749?
True
Does 27 divide 354818860?
False
Is 2806123626 a multiple of 6627?
True
Does 205 divide 51333667?
False
Is 7954442 a multiple of 503?
True
Does 15 divide 17395078?
False
Does 2 divide 210116?
True
Does 790 divide 56373821?
False
Is 3 a factor of 103744009?
False
Is 11 a factor of 618327677?
True
Does 186 divide 49006350?
True
Is 5816720 a multiple of 442?
True
Is 5 a factor of 127073240?
True
Does 4 divide 388968?
True
Is 306646292 a multiple of 5940?
False
Is 14685772 a multiple of 11?
False
Does 321 divide 414497465?
False
Does 83 divide 708807719?
False
Is 419871840 a multiple of 12?
True
Is 81 a factor of 2166588162?
True
Does 2056 divide 136902872?
True
Is 8 a factor of 154069656?
True
Is 18 a factor of 23382683?
False
Is 3275 a factor of 627778200?
True
Is 192 a factor of 204448320?
True
Is 277082772 a multiple of 2623?
False
Is 30 a factor of 148929120?
True
Does 66 divide 714077464?
False
Is 38 a factor of 3215005?
False
Is 37 a factor of 531554859?
False
Is 3779537955 a multiple of 215?
False
Is 60 a factor of 1061875293?
False
Is 865 a factor of 57146550?
False
Does 13 divide 715960337?
False
Is 72 a factor of 1674421056?
True
Is 71 a factor of 909399950?
True
Does 613 divide 4171479?
False
Is 650 a factor of 543635920?
False
Is 1338 a factor of 9493015?
False
Does 102 divide 239131758?
True
Is 680 a factor of 765017592?
False
Does 5187 divide 515613735?
True
Is 1237670228 a multiple of 1011?
False
Does 449 divide 13301000?
False
Does 361 divide 51632822?
False
Does 146 divide 14726728?
True
Is 121329273 a multiple of 8?
False
Is 165454952 even?
True
Is 2364 a factor of 1406237220?
True
Does 4 divide 87298465?
False
Does 9 divide 20578662?
True
Is 2190 a factor of 651050474?
False
Is 16260669 a multiple of 1101?
True
Is 392402180 a multiple of 20?
True
Does 599 divide 1114613210?
True
Is 67 a factor of 15740243?
True
Does 73 divide 588961226?
True
Does 354 divide 259633690?
False
Does 18 divide 441115831?
False
Is 182 a factor of 27948381?
False
Is 71922503 a multiple of 144?
False
Is 342678982 a multiple of 18?
False
Is 161419149 a multiple of 81?
True
Does 25 divide 165192425?
True
Does 9 divide 324770039?
False
Is 208765665 a multiple of 41?
False
Is 5 a factor of 19918372?
False
Does 13 divide 2291353519?
True
Does 30 divide 4944306?
False
Is 1769 a factor of 1598523347?
False
Is 12 a factor of 4514568?
True
Is 435231030 a multiple of 3265?
True
Is 18 a factor of 383760738?
True
Is 59 a factor of 2187903?
False
Is 30122336 a multiple of 2831?
False
Is 15588768 a multiple of 75?
False
Is 5598914064 a multiple of 1337?
False
Does 183 divide 1255393725?
True
Does 904 divide 650983128?
False
Is 35247633 a multiple of 31?
False
Does 2751 divide 746000482?
False
Does 22 divide 169003806?
False
Is 1230207142 a multiple of 3881?
True
Is 111 a factor of 2533177733?
False
Does 7 divide 2816408?
True
Does 37 divide 28564925?
True
Does 207 divide 2478889?
False
Does 40 divide 234661680?
True
Does 1540 divide 157409500?
False
Is 5 a factor of 116935247?
False
Is 75380566 a multiple of 183?
False
Is 39963576 a multiple of 12?
True
Is 1480392220 a multiple of 347?
True
Is 6 a factor of 30134795?
False
Is 63545210 a multiple of 33?
False
Does 226 divide 15095741?
False
Is 2218259880 a multiple of 7596?
True
Does 90 divide 35621462?
False
Is 4 a factor of 753679?
False
Is 576170418 a multiple of 99?
False
Is 75458010 a multiple of 6?
True
Does 88 divide 303648612?
False
Is 101 a factor of 1151716938?
True
Is 378 a factor of 1941408?
True
Is 74476208 a multiple of 368?
True
Does 45 divide 998599537?
False
Is 5527236 a multiple of 6?
True
Does 93 divide 64152981?
True
Is 32337519 a multiple of 21?
False
Does 39 divide 8025948098?
False
Does 263 divide 1854486114?
True
Does 135 divide 477532?
False
Does 5 divide 28958538?
False
Is 4540 a factor of 3701679920?
True
Is 128558074 a multiple of 320?
False
Does 10 divide 41768578?
False
Is 13154220 a multiple of 4?
True
Does 4 divide 14525339?
False
Is 20 a factor of 1290958780?
True
Is 5 a factor of 4224325?
True
Is 40245415 a multiple of 54?
False
Does 30 divide 1511238840?
True
Is 1620